0 is divided by 31.
8
Calculate the remainder when 500 is divided by 32.
20
What is the remainder when 45 is divided by 25?
20
Calculate the remainder when 903 is divided by 64.
7
Calculate the remainder when 134 is divided by 65.
4
Calculate the remainder when 738 is divided by 78.
36
Calculate the remainder when 713 is divided by 102.
101
Calculate the remainder when 710 is divided by 13.
8
Calculate the remainder when 166 is divided by 19.
14
Calculate the remainder when 235 is divided by 231.
4
Calculate the remainder when 370 is divided by 21.
13
Calculate the remainder when 355 is divided by 53.
37
Calculate the remainder when 670 is divided by 670.
0
What is the remainder when 217 is divided by 63?
28
Calculate the remainder when 960 is divided by 316.
12
Calculate the remainder when 2405 is divided by 219.
215
Calculate the remainder when 1716 is divided by 24.
12
What is the remainder when 533 is divided by 177?
2
Calculate the remainder when 113 is divided by 6.
5
Calculate the remainder when 407 is divided by 130.
17
Calculate the remainder when 128 is divided by 21.
2
What is the remainder when 4416 is divided by 9?
6
Calculate the remainder when 176 is divided by 52.
20
What is the remainder when 84 is divided by 25?
9
Calculate the remainder when 182 is divided by 154.
28
What is the remainder when 178 is divided by 29?
4
Calculate the remainder when 788 is divided by 214.
146
What is the remainder when 9236 is divided by 88?
84
What is the remainder when 8922 is divided by 7?
4
What is the remainder when 3697 is divided by 50?
47
What is the remainder when 1161 is divided by 64?
9
What is the remainder when 156 is divided by 45?
21
Calculate the remainder when 74 is divided by 4.
2
Calculate the remainder when 449 is divided by 151.
147
What is the remainder when 489 is divided by 158?
15
Calculate the remainder when 9279 is divided by 42.
39
Calculate the remainder when 229 is divided by 118.
111
What is the remainder when 50 is divided by 33?
17
Calculate the remainder when 150 is divided by 80.
70
Calculate the remainder when 1147 is divided by 293.
268
Calculate the remainder when 733 is divided by 282.
169
What is the remainder when 1853 is divided by 116?
113
Calculate the remainder when 731 is divided by 262.
207
Calculate the remainder when 1292 is divided by 9.
5
Calculate the remainder when 135 is divided by 35.
30
Calculate the remainder when 218 is divided by 48.
26
Calculate the remainder when 47 is divided by 30.
17
Calculate the remainder when 206 is divided by 22.
8
Calculate the remainder when 49 is divided by 18.
13
What is the remainder when 3658 is divided by 122?
120
Calculate the remainder when 1423 is divided by 471.
10
Calculate the remainder when 1549 is divided by 103.
4
What is the remainder when 454 is divided by 8?
6
Calculate the remainder when 791 is divided by 6.
5
What is the remainder when 131 is divided by 9?
5
What is the remainder when 205 is divided by 37?
20
What is the remainder when 214 is divided by 17?
10
What is the remainder when 4063 is divided by 21?
10
What is the remainder when 846 is divided by 16?
14
What is the remainder when 267 is divided by 26?
7
Calculate the remainder when 248 is divided by 83.
82
Calculate the remainder when 33 is divided by 3.
0
Calculate the remainder when 211 is divided by 64.
19
Calculate the remainder when 1252 is divided by 260.
212
What is the remainder when 2057 is divided by 29?
27
Calculate the remainder when 4216 is divided by 21.
16
Calculate the remainder when 116 is divided by 112.
4
Calculate the remainder when 2795 is divided by 12.
11
Calculate the remainder when 263 is divided by 41.
17
What is the remainder when 114 is divided by 41?
32
What is the remainder when 67 is divided by 60?
7
What is the remainder when 452 is divided by 224?
4
What is the remainder when 1384 is divided by 42?
40
What is the remainder when 16 is divided by 3?
1
What is the remainder when 136 is divided by 18?
10
What is the remainder when 1078 is divided by 135?
133
Calculate the remainder when 2695 is divided by 270.
265
Calculate the remainder when 1685 is divided by 177.
92
What is the remainder when 5146 is divided by 191?
180
Calculate the remainder when 9501 is divided by 24.
21
What is the remainder when 394 is divided by 56?
2
Calculate the remainder when 74 is divided by 14.
4
What is the remainder when 17637 is divided by 252?
249
What is the remainder when 2015 is divided by 32?
31
Calculate the remainder when 603 is divided by 99.
9
Calculate the remainder when 126 is divided by 35.
21
Calculate the remainder when 49 is divided by 19.
11
What is the remainder when 208 is divided by 96?
16
What is the remainder when 453 is divided by 150?
3
What is the remainder when 298 is divided by 6?
4
Calculate the remainder when 753 is divided by 20.
13
What is the remainder when 73 is divided by 38?
35
Calculate the remainder when 593 is divided by 27.
26
Calculate the remainder when 380 is divided by 55.
50
Calculate the remainder when 79 is divided by 34.
11
What is the remainder when 2038 is divided by 679?
1
What is the remainder when 3181 is divided by 16?
13
Calculate the remainder when 1626 is divided by 18.
6
What is the remainder when 457 is divided by 129?
70
Calculate the remainder when 304 is divided by 139.
26
What is the remainder when 53 is divided by 14?
11
What is the remainder when 982 is divided by 29?
25
What is the remainder when 8123 is divided by 125?
123
What is the remainder when 36 is divided by 33?
3
Calculate the remainder when 296 is divided by 33.
32
Calculate the remainder when 87 is divided by 51.
36
What is the remainder when 442 is divided by 149?
144
Calculate the remainder when 10931 is divided by 77.
74
Calculate the remainder when 317 is divided by 28.
9
What is the remainder when 587 is divided by 54?
47
What is the remainder when 932 is divided by 103?
5
Calculate the remainder when 187 is divided by 13.
5
What is the remainder when 433 is divided by 137?
22
What is the remainder when 177 is divided by 81?
15
Calculate the remainder when 2083 is divided by 2073.
10
What is the remainder when 119 is divided by 22?
9
What is the remainder when 6629 is divided by 255?
254
What is the remainder when 169 is divided by 70?
29
Calculate the remainder when 43 is divided by 13.
4
Calculate the remainder when 8227 is divided by 3.
1
Calculate the remainder when 309 is divided by 10.
9
What is the remainder when 469 is divided by 92?
9
What is the remainder when 453 is divided by 24?
21
Calculate the remainder when 40 is divided by 22.
18
Calculate the remainder when 155 is divided by 117.
38
Calculate the remainder when 20798 is divided by 38.
12
What is the remainder when 3695 is divided by 336?
335
What is the remainder when 536 is divided by 503?
33
What is the remainder when 812 is divided by 400?
12
Calculate the remainder when 199 is divided by 10.
9
What is the remainder when 88 is divided by 57?
31
Calculate the remainder when 749 is divided by 28.
21
What is the remainder when 124 is divided by 59?
6
What is the remainder when 373 is divided by 8?
5
What is the remainder when 1545 is divided by 12?
9
What is the remainder when 774 is divided by 130?
124
What is the remainder when 706 is divided by 87?
10
What is the remainder when 683 is divided by 135?
8
Calculate the remainder when 96 is divided by 47.
2
Calculate the remainder when 74 is divided by 66.
8
What is the remainder when 494 is divided by 59?
22
What is the remainder when 43 is divided by 9?
7
What is the remainder when 6540 is divided by 815?
20
What is the remainder when 123 is divided by 67?
56
Calculate the remainder when 436 is divided by 213.
10
What is the remainder when 15679 is divided by 70?
69
What is the remainder when 161 is divided by 53?
2
What is the remainder when 1796 is divided by 99?
14
Calculate the remainder when 1518 is divided by 95.
93
What is the remainder when 38 is divided by 20?
18
Calculate the remainder when 7100 is divided by 192.
188
What is the remainder when 22 is divided by 5?
2
Calculate the remainder when 596 is divided by 60.
56
What is the remainder when 17857 is divided by 38?
35
What is the remainder when 203 is 